{"id":317,"date":"2019-05-21T22:49:31","date_gmt":"2019-05-21T20:49:31","guid":{"rendered":"https:\/\/jef.git-france.org\/?page_id=317"},"modified":"2025-11-23T20:59:40","modified_gmt":"2025-11-23T19:59:40","slug":"archives","status":"publish","type":"page","link":"https:\/\/jef.git-france.org\/index.php\/archives\/","title":{"rendered":"Archives"},"content":{"rendered":"<p>Retrouvez les programmes des Journ\u00e9es d&rsquo;Etudes et de Formation pr\u00e9c\u00e9dentes<\/p>\n<p>JEF de <a href=\"https:\/\/jef.git-france.org\/wp-content\/uploads\/2025\/04\/PROGRAMME-JEF-2025_20250305_163602_0000.pdf\" target=\"_blank\" rel=\"noopener\">Strasbourg en 2025<\/a><\/p>\n\n\n<p>JEF de <a href=\"https:\/\/jef.git-france.org\/wp-content\/uploads\/2022\/06\/PROGRAMME-DES-JEF-2022.pdf\" data-type=\"link\" data-id=\"https:\/\/jef.git-france.org\/wp-content\/uploads\/2022\/06\/PROGRAMME-DES-JEF-2022.pdf\" target=\"_blank\" rel=\"noreferrer noopener\">Nantes en 2022<\/a><\/p>\n\n\n\n<p>JEF de <a href=\"https:\/\/jef.git-france.org\/wp-content\/uploads\/2021\/03\/programmejeftoulouselgt.pdf\" data-type=\"URL\" data-id=\"https:\/\/jef.git-france.org\/wp-content\/uploads\/2021\/03\/programmejeftoulouselgt.pdf\" target=\"_blank\" rel=\"noreferrer noopener\">Toulouse en 2019<\/a><\/p>\n\n\n\n<p>JEF de <a rel=\"noreferrer noopener\" href=\"https:\/\/jef.git-france.org\/wp-content\/uploads\/2019\/06\/programmejef17.pdf\" target=\"_blank\">Rouen en 2017<\/a><\/p>\n\n\n\n<p>JEF de <a rel=\"noreferrer noopener\" href=\"https:\/\/jef.git-france.org\/wp-content\/uploads\/2019\/05\/2014GIT-PreProgramme-SAINT-MALO.pdf\" target=\"_blank\">Saint Malo en 2014<\/a><\/p>\n\n\n\n<p>JEF d&rsquo;<a rel=\"noreferrer noopener\" href=\"https:\/\/jef.git-france.org\/wp-content\/uploads\/2019\/05\/2011-Journees-dEtudes-du-GIT-Pre-Programme.pdf\" target=\"_blank\">Issy Les Moulineaux en 2011<\/a><\/p>\n","protected":false},"excerpt":{"rendered":"<p>Retrouvez les programmes des Journ\u00e9es d&rsquo;Etudes et de Formation pr\u00e9c\u00e9dentes JEF de Strasbourg en 2025 JEF de Nantes en 2022 JEF de Toulouse en 2019 JEF de Rouen en 2017 JEF de Saint Malo en 2014 JEF d&rsquo;Issy Les Moulineaux en 2011<\/p>\n","protected":false},"author":1,"featured_media":996,"parent":0,"menu_order":0,"comment_status":"closed","ping_status":"closed","template":"","meta":{"footnotes":""},"class_list":["post-317","page","type-page","status-publish","has-post-thumbnail","hentry"],"_links":{"self":[{"href":"https:\/\/jef.git-france.org\/index.php\/wp-json\/wp\/v2\/pages\/317","targetHints":{"allow":["GET"]}}],"collection":[{"href":"https:\/\/jef.git-france.org\/index.php\/wp-json\/wp\/v2\/pages"}],"about":[{"href":"https:\/\/jef.git-france.org\/index.php\/wp-json\/wp\/v2\/types\/page"}],"author":[{"embeddable":true,"href":"https:\/\/jef.git-france.org\/index.php\/wp-json\/wp\/v2\/users\/1"}],"replies":[{"embeddable":true,"href":"https:\/\/jef.git-france.org\/index.php\/wp-json\/wp\/v2\/comments?post=317"}],"version-history":[{"count":11,"href":"https:\/\/jef.git-france.org\/index.php\/wp-json\/wp\/v2\/pages\/317\/revisions"}],"predecessor-version":[{"id":1080,"href":"https:\/\/jef.git-france.org\/index.php\/wp-json\/wp\/v2\/pages\/317\/revisions\/1080"}],"wp:featuredmedia":[{"embeddable":true,"href":"https:\/\/jef.git-france.org\/index.php\/wp-json\/wp\/v2\/media\/996"}],"wp:attachment":[{"href":"https:\/\/jef.git-france.org\/index.php\/wp-json\/wp\/v2\/media?parent=317"}],"curies":[{"name":"wp","href":"https:\/\/api.w.org\/{rel}","templated":true}]}}